{"id":90,"date":"2014-12-26T17:51:00","date_gmt":"2014-12-26T17:51:00","guid":{"rendered":"http:\/\/liberementi.it\/site\/?page_id=90"},"modified":"2016-06-30T17:15:52","modified_gmt":"2016-06-30T17:15:52","slug":"grafica-web-design","status":"publish","type":"page","link":"https:\/\/www.liberementi.it\/site\/idee\/grafica-web-design\/","title":{"rendered":"Grafica &#038; Stampa"},"content":{"rendered":"<p><img loading=\"lazy\" decoding=\"async\" class=\"wp-image-311 size-full alignright\" src=\"http:\/\/liberementi.it\/site\/wp-content\/uploads\/2015\/02\/Banda-lat_Liberementi_2015manoBR-1.png\" alt=\"Banda-lat_Liberementi_2015manoBR\" width=\"218\" height=\"539\" srcset=\"https:\/\/www.liberementi.it\/site\/wp-content\/uploads\/2015\/02\/Banda-lat_Liberementi_2015manoBR-1.png 218w, https:\/\/www.liberementi.it\/site\/wp-content\/uploads\/2015\/02\/Banda-lat_Liberementi_2015manoBR-1-121x300.png 121w\" sizes=\"auto, (max-width: 218px) 100vw, 218px\" \/><\/p>\n<p style=\"text-align: left;\"><strong>Liberementi<\/strong> offre la propria creativit\u00e0 per la realizzazione grafiche personalizzate di <strong>cataloghi<\/strong>, <strong>volantini<\/strong>, <strong>brochure<\/strong> e <strong>depliant<\/strong>.<\/p>\n<p style=\"text-align: left;\">_Creativit\u00e0 e stampa di <strong>cataloghi<\/strong>;<br \/>\n_Creativit\u00e0 e stampa di <strong>depliant<\/strong>;<br \/>\n_Creativit\u00e0 e stampa di <strong>biglietti da visita<\/strong>;<br \/>\n_Creativit\u00e0 e stampa di <strong>calendari<\/strong>;<br \/>\n_Creativit\u00e0 e stampa di <strong>manifesti<\/strong>;<br \/>\n_Creativit\u00e0 e stampa di <strong>locandine<\/strong>;<br \/>\n_Creativit\u00e0 e stampa di <strong>etichette adesive<\/strong>;<br \/>\n_Creativit\u00e0 e stampa di <strong>adesivi<\/strong>;<br \/>\n_Creativit\u00e0 e stampa di <strong>buste e carta da lettera<\/strong>;<br \/>\n_Creativit\u00e0 e stampa di <strong>block notes<\/strong>;<br \/>\n_Creativit\u00e0 e stampa di <strong>cartoline<\/strong>;<br \/>\n_Creativit\u00e0 e stampa di <strong>PVC adesivi per pareti<\/strong>;<br \/>\n_Creativit\u00e0 e stampa di <strong>adesivi per vetrine<\/strong>;<br \/>\n_Creativit\u00e0 e stampa di <strong>adesivi per auto e moto<\/strong>;<\/p>\n<p style=\"text-align: left;\"><strong>Liberementi<\/strong> per soddisfare ogni esigenza di stampa offre il servizio a partire anche da basse tirature. Liberementi pu\u00f2 fornire preventivi e consulenza su:<br \/>\n_Stampa di <strong>fotoquadri<br \/>\n<\/strong><em>(dal formato 15x15cm al 200x100cm)<\/em><br \/>\n_Stampa <strong>poster altissima qualit\u00e0<br \/>\n<\/strong>_Stampa su <strong>supporti speciali<br \/>\n<\/strong><em>(Alluminio &#8211;\u00a0Polionda &#8211;\u00a0Cartelli Commerciali &#8211;\u00a0Pannelli immobiliari &#8211;\u00a0Targhe\u00a0&#8211;\u00a0Cartone\u00a0&#8211;\u00a0Plexiglass &#8211;\u00a0Supporti lignei &#8211;\u00a0Segnaletica di sicurezza)<\/em><br \/>\n_<strong>Stampa Grandi Formati<br \/>\n<\/strong><em>(Striscioni in PVC &#8211;\u00a0Microforato &#8211;\u00a0Ecoflat &#8211;\u00a0Striscioni retroilluminati)<\/em><br \/>\n<strong>_Stampa digitale e offset<\/strong><\/p>\n","protected":false},"excerpt":{"rendered":"<p>Liberementi offre la propria creativit\u00e0 per la realizzazione grafiche personalizzate di cataloghi, volantini, brochure e depliant. _Creativit\u00e0 e stampa di cataloghi; _Creativit\u00e0 e stampa di depliant; _Creativit\u00e0 e stampa di biglietti da visita; _Creativit\u00e0 e stampa di calendari; _Creativit\u00e0 e stampa di manifesti; _Creativit\u00e0 e stampa di locandine; _Creativit\u00e0 e stampa di etichette adesive; _Creativit\u00e0&hellip;&nbsp;<a href=\"https:\/\/www.liberementi.it\/site\/idee\/grafica-web-design\/\" class=\"\" rel=\"bookmark\">Leggi tutto &raquo;<span class=\"screen-reader-text\">Grafica &#038; Stampa<\/span><\/a><\/p>\n","protected":false},"author":1,"featured_media":0,"parent":117,"menu_order":3,"comment_status":"closed","ping_status":"closed","template":"","meta":{"neve_meta_sidebar":"","neve_meta_container":"","neve_meta_enable_content_width":"","neve_meta_content_width":0,"neve_meta_title_alignment":"","neve_meta_author_avatar":"","neve_post_elements_order":"","neve_meta_disable_header":"","neve_meta_disable_footer":"","neve_meta_disable_title":"","footnotes":""},"class_list":["post-90","page","type-page","status-publish","hentry"],"_links":{"self":[{"href":"https:\/\/www.liberementi.it\/site\/wp-json\/wp\/v2\/pages\/90","targetHints":{"allow":["GET"]}}],"collection":[{"href":"https:\/\/www.liberementi.it\/site\/wp-json\/wp\/v2\/pages"}],"about":[{"href":"https:\/\/www.liberementi.it\/site\/wp-json\/wp\/v2\/types\/page"}],"author":[{"embeddable":true,"href":"https:\/\/www.liberementi.it\/site\/wp-json\/wp\/v2\/users\/1"}],"replies":[{"embeddable":true,"href":"https:\/\/www.liberementi.it\/site\/wp-json\/wp\/v2\/comments?post=90"}],"version-history":[{"count":0,"href":"https:\/\/www.liberementi.it\/site\/wp-json\/wp\/v2\/pages\/90\/revisions"}],"up":[{"embeddable":true,"href":"https:\/\/www.liberementi.it\/site\/wp-json\/wp\/v2\/pages\/117"}],"wp:attachment":[{"href":"https:\/\/www.liberementi.it\/site\/wp-json\/wp\/v2\/media?parent=90"}],"curies":[{"name":"wp","href":"https:\/\/api.w.org\/{rel}","templated":true}]}}